et x(w) = -2*w**2. Let s(v) = -l(v) + 6*x(v). Calculate s(b).
-2
Let r(k) = 398*k**2 - 136*k**2 - 8 - 130*k**2 + 37*k - 129*k**2 + 11*k. Let x be r(-16). Let f(w) = w**2 + 9*w + 7. What is f(x)?
-1
Let c(o) = -o**2 + 6*o - 5. Let q(j) = -j**2 - 14*j - 20. Let x be 12*2/(-1 + -3). Let p be q(x). Suppose a + i - 1 = 1, 4*a - i - p = 0. Give c(a).
-5
Let n = -543 - -552. Let s be n + (-12)/(-6) + -5. Let b(q) = -q**2 + 6*q + 7. Calculate b(s).
7
Suppose g - p - 9 = -0*p, 5*g = -4*p. Suppose -3*h + 4*h - g = 0. Suppose -2*w = -2, -4*w - 3 = -h*r - 3*w. Let v(y) = 6*y**3 + y**2 - y. Calculate v(r).
6
Let x(t) = -t**2 + t + 8. Let p(r) = r**3 + 8*r**2 - 20*r. Let v = 6 - 1. Suppose 0 = s - 7*a + 3*a + 22, 0 = -s - 5*a + v. Let f be p(s). Calculate x(f).
8
Let r(b) be the first derivative of 0*b - 7/2*b**2 - 22. Calculate r(1).
-7
Let b(v) = -7*v**3 + 17*v**2 - 4*v + 8. Let u(s) = 12*s**3 - 32*s**2 + 7*s - 15. Let j(w) = 7*b(w) + 4*u(w). Give j(-9).
-4
Let t(p) = p**2 + 5*p - 6. Let v = -321 - -321. Suppose 4*o + 3*d + 13 = v, 6*d = -o + d + 18. Give t(o).
8
Let x(p) = -9*p. Suppose -4*m + 15 + 13 = 0. Let i(t) = -t**3 + 9*t**2 - 8*t + 7. Let n be i(m). Let v = 51 - n. Calculate x(v).
-18
Let s(p) = -51*p + 1. Let z(r) = -38*r. Let i(a) = 3*s(a) - 4*z(a). Let j(n) = 3 - n - 3*n + 3*n. Let c(w) = 3*i(w) - 4*j(w). What is c(3)?
0
Suppose 47*u - 32*u = 165. Let x(b) = -b - 11. Give x(u).
-22
Let b(z) = 5*z - 17. Suppose 2*m - 3*r = -3, -70*m + 26 = -74*m + 2*r. Give b(m).
-62
Let f(t) be the second derivative of -t**4/12 - t**3/3 - 35*t**2/2 + 329*t. Calculate f(0).
-35
Suppose 198*a + 4*a + 51*a = 2277. Let x(l) be the first derivative of -a - l + 5/2*l**2. Give x(2).
9
Let w = -20116 - -20155. Let n(u) = -5*u + 173. What is n(w)?
-22
Let g(b) = 4*b**3 - 9*b**2 - 3*b - 2. Let d(q) = -3*q**3 + 9*q**2 + 2*q + 2. Let o(m) = 3*d(m) + 2*g(m). Let j be 6*(-6 + 75/10). Give o(j).
2
Let q = -5204 + 5190. Let i be (-2)/2 + 1 - -8. Let j = q + i. Let r(p) = -p**2 - 12*p - 8. Determine r(j).
28
Let b(p) be the first derivative of -1/4*p**4 + 0*p + 234 + p**2 + 1/3*p**3. What is b(2)?
0
Let d(w) = -w + 4. Let v = -53 + 52. Let s be 200/56 - (v - (-12)/21). Suppose -s + 15 = -o + 4*f, 0 = 5*o + 2*f + 11. Determine d(o).
7
Let p(s) = -253*s + 2034. Let i be p(8). Let b(t) = -2*t**3 + 20*t**2 - 2*t + 8. What is b(i)?
-12
Let o be (-3 - -5)/(-6 + 4/1). Let s(a) = -4*a + 1 + 12*a - 11*a - 5*a. Calculate s(o).
9
Let z(r) = 2*r**3 - 2*r**2 + 4*r - 2. Let o be z(1). Let n(d) = 11 - 5*d - 12 - o*d - 7*d. Suppose -3*p + 0*p = -3. Determine n(p).
-15
Let n(h) be the second derivative of 37*h**4/6 - 7*h**3/6 + 7*h**2/2 - 8157*h. Calculate n(1).
74
Let b(i) = 2*i - 8. Let j be (-2)/(-11)*(-22 - -33). Suppose 4*s = -j*t + 10, -2*t - 9 = -3*t + 2*s. What is b(t)?
6
Let c(o) = -o**3 - 7*o**2 - 4*o - 6. Suppose h - 10 = l + 29, -5*l = -2*h + 63. Suppose -h*v + 42*v = 12. Give c(v).
-18
Let u(c) = -3*c**2 - 2*c - 3. Let q(r) = -21. Let l(k) = -13. Let f(v) = -8*l(v) + 5*q(v). Let m(j) = 3*f(j) - u(j). Calculate m(-3).
21
Let y(c) be the first derivative of -5*c**2/2 - 91*c - 279. Calculate y(-20).
9
Let y = 7744 + -7752. Let f(n) = n**3 + 8*n**2 + n + 28. Give f(y).
20
Let y(x) = 6*x - 22. Let g = -4425 - -4437. Give y(g).
50
Let i(t) = -29*t**3 + t - 2. Let j(z) = z**2 - 71*z - 145. Let y be j(-2). What is i(y)?
-30
Let f(a) = -a**3 + 5*a**2 + 4*a + 3. Let l(g) = -g**3 - 5*g**2 + 8*g - 8. Let w be l(-7). Let k(i) = -20*i + 12. Let p be k(2). Let c = w + p. Determine f(c).
-9
Let d(l) = -62 - 3*l**2 + 99 + 5*l - 40 + 2*l**3 + l**2 + 10*l**2. Determine d(-3).
0
Let x be ((-162)/12*(-22)/165)/(3/45). Let p(j) = -j**2 + 28*j - 34. Give p(x).
-7
Let s(d) be the third derivative of d**6/120 - d**5/4 - 17*d**4/24 - 13*d**3/6 + 1430*d**2 + 2*d. Give s(16).
-29
Let x(c) be the first derivative of -7*c**2/2 + 141*c + 8513. Determine x(19).
8
Let t(r) = 7 - 293*r + 300*r - 2*r**2 + 9*r**3 - 3*r**2 - 10*r**3. What is t(-4)?
-37
Let d(b) = -2*b**2 + 4 + 9*b + 7*b - 5 - 7*b + 3. Let k = 11 - 4. Give d(k).
-33
Let d(c) = c + 20. Let q be d(-28). Let v(m) = 2*m**2 + m**3 + 7*m**2 + 5 + 42*m - 2 - 33*m. What is v(q)?
-5
Let q(v) be the second derivative of v**6/360 - v**5/40 - 5*v**4/24 - 124*v**3/3 + 3*v + 3. Let l(j) be the second derivative of q(j). Calculate l(5).
5
Let j(m) be the first derivative of -3*m**2/2 - 40*m - 3359. Determine j(-6).
-22
Let y(f) = 21*f**2 + f. Suppose -h + 10 = 24. Let l(t) be the third derivative of t**5/60 + 7*t**4/12 - t**3/6 + 102*t**2 + 4*t. Let x be l(h). What is y(x)?
20
Let n(f) = -2*f**3 + 6*f**2 - f + 15. Let o(p) = 5*p**3 - 11*p**2 - p - 27. Let m(w) = 5*n(w) + 3*o(w). Give m(-1).
-6
Let b(c) be the third derivative of -c**6/120 - 3*c**5/20 + 9*c**4/8 + 6*c**3 - 1950*c**2. Determine b(-11).
-19
Let c = 10 - 7. Let w(v) = -109*v - 6 + v**2 + 5*v**2 + 0*v**c + v**3 + 101*v. Let k = -12 + 5. Calculate w(k).
1
Let n be (6/(-10))/(-12 + 1977/825*5). Let h(j) = j**2 - 35*j + 75. What is h(n)?
9
Let s(y) be the third derivative of -y**5/60 + y**4/2 + 19*y**3/3 - 38*y**2 - 3*y + 6. What is s(-7)?
-95
Let s(h) be the third derivative of 7*h**4/24 + 65*h**3/6 - 17*h**2 + 40*h. Give s(-9).
2
Let b(k) = -7*k**3 - 4*k**2 - 7*k - 2. Let v be b(-1). Let m(u) = u**3 - 8*u**2 + 10*u - 84. Calculate m(v).
-4
Let r(y) = -5*y**2 + y + 1. Let n(t) = 23*t**2 - 3*t - 4. Let c(v) = 2*n(v) + 9*r(v). Determine c(-2).
-1
Let k(x) be the second derivative of x**4/4 + 5*x**3/6 - 3*x**2 + 394*x. What is k(3)?
36
Let h = 44 + -55. Let q(r) = 2*r**2 + 23*r + 13. Let d be q(h). Let b(t) = -t**3 + 2*t**2 - 3*t + 3. Determine b(d).
-3
Let p(h) = -h**3 + 2*h**2 + h + 1. Suppose 255 = 52*n + 255. Calculate p(n).
1
Let q = -7 - -14. Suppose -d - q = -3. Let b(l) be the second derivative of -l**5/20 - l**4/4 + 5*l**3/6 + 30*l. Give b(d).
-4
Suppose 0*j - 4*j = -2*y, -3*y + 1 = -5*j. Let u(t) = -2*t**2 - 23*t + 50. Determine u(y).
-4
Let v(q) = q - 2. Let t be 4 + (1 + -1)*(-10)/20. Suppose -8 = -t*y + 4*d, -2 = 2*y - 5*d + d. Give v(y).
3
Let g(t) = -3*t**2 - 20*t - 10. Let u = 1821 - 1827. What is g(u)?
2
Let l(k) = -k - 10. Let a(s) = 2*s**2 - 7*s - 6. Let f be a(-1). Suppose 0 = f*g + j + 19, -4*j + 36 = -5*g + g. What is l(g)?
-3
Let h be (4 - -14)/(-4 + (-67)/(-16)). Let c(d) = 12*d**2 + 6*d - 7 + 97*d**3 + 5*d - h*d**3. Calculate c(-11).
-7
Suppose -12 = -3*i + u, 84*u = -5*i + 81*u - 50. Let c(r) = -r**2 + 1 + r - 18*r**3 + 0*r**3 - r**3. Determine c(i).
18
Let g(i) = -2*i**2 - 3. Let q(r) = -5*r**2 + 17*r - 15. Let l(h) = -3*g(h) + q(h). Determine l(-19).
32
Let s(v) be the third derivative of v**4/3 - 143*v**3/6 + 19*v**2 - 78. Give s(22).
33
Let p(i) = -7 - 3*i + 0 + 5*i. Suppose -b - 8 = -3, 553 = -3*n + 4*b. Let z = -186 - n. Calculate p(z).
3
Let l(d) be the first derivative of 2*d**2 - 61*d + 5329. Determine l(14).
-5
Let i(n) be the second derivative of -2*n**3/3 - n**2/2 + 4*n + 127. What is i(-1)?
3
Let f(s) = s. Let o(x) = x**2 + 9*x - 2. Let b(z) = 4*f(z) - o(z). Suppose 180*m + 18 = 189*m. Suppose -y = 3*n + 7, -3*y + m*y + n = 3. Determine b(y).
6
Suppose -11 = 11*g - 12*g. Let z(x) = -10 + 9*x**2 + x**2 + 5*x**3 + 12*x - 6*x**3. Determine z(g).
1
Let k be 4/8 - 9*(-5)/(-18). Let i(r) = -2*r**2 + 6*r + 17. Calculate i(k).
-3
Let p(h) be the first derivative of -2*h**3/3 + 3*h**2 + 2*h + 1978. What is p(7)?
-54
Let w(s) = -s**2 - s - 10. Let a(t) = -t. Let z(y) = 2*a(y) - w(y). Give z(0).
10
Let f(i) be the first derivative of i**3 - 2*i + 1. Let a = -377 + 382. Suppose 0 = -a*d - 2*s + 23, 4*s = -6 + 22. What is f(d)?
25
Let h(l) = -4*l**3 + l**2 - l + 2. Let a(w) = 3*w**3 - 8*w**2 - 2*w - 6. Let z(u) = a(u) + h(u). What is z(-6)?
-22
Let v(x) = -3*x**2 - x - 9. Let a(k) = -5*k**2 - 7*k - 26. Let g(h) = a(h) - 2*v(h). Suppose -3*q + 2*q = -6. Calculate g(q).
-2
Let z = -192100 + 192112. Let p(b) = -2*b**2 + 4 - 17 + b**2 + 12*b. Give p(z).
-13
Let k(q) = 2*q**3 - 6*q**2 + 8*q - 4. Suppose 0 = l - 2*h + 2, -l + 6*l - 2 = 4*h. Let a(x) = -x**3 + 3*x**2 - 4*x + 2. Let j(g) = l*k(g) + 5*a(g). Give j(3).
-10
Let i be 6*(2/(-4) + 1). Let q be (5/15)/(i/117). Let y(g) = 14*g - q*g + 4 - 1. Determine y(-2).
1
Suppose 3*w = -0*w. Suppose -4*h + 5 + 3 = w. Let l(b) = h*b - 1 + 0